umber?
True
Is 209123 a composite number?
False
Is 436399 composite?
False
Is 12929 a composite number?
True
Is 219718 prime?
False
Is 3407 composite?
False
Is 3817 a composite number?
True
Is 4703 a prime number?
True
Is 17539 a prime number?
True
Is 416317 prime?
False
Is 1315 composite?
True
Is 39887 composite?
False
Is 42157 composite?
False
Is 159977 composite?
False
Is 497 composite?
True
Is 1202549 prime?
True
Is 151559 a prime number?
False
Is 2006779 a composite number?
False
Is 1949 composite?
False
Is 443 composite?
False
Is 40219 composite?
True
Is 14207 prime?
True
Is 15395 a prime number?
False
Is 326203 a prime number?
True
Is 7594 composite?
True
Is 107891 composite?
True
Is 51743 a composite number?
True
Is 57461 a composite number?
True
Is 6046 a composite number?
True
Is 2437 a composite number?
False
Is 1537 prime?
False
Is 888803 composite?
True
Is 238877 composite?
False
Is 1144783 a composite number?
False
Is 3847 prime?
True
Is 194789 a prime number?
False
Is 282533 composite?
True
Is 38299 a composite number?
False
Is 8749 prime?
False
Is 3203 a prime number?
True
Is 10589 a composite number?
False
Is 3991 a prime number?
False
Is 30757 prime?
True
Is 118303 prime?
False
Is 2218 composite?
True
Is 441895 a prime number?
False
Is 357239 prime?
True
Is 1553 prime?
True
Is 281657 a prime number?
False
Is 14671 prime?
False
Is 8238247 a prime number?
True
Is 205573 composite?
True
Is 9939 a prime number?
False
Is 124643 prime?
True
Is 1226599 composite?
True
Is 30445 prime?
False
Is 101771 prime?
True
Is 157247 composite?
False
Is 12773 a composite number?
True
Is 18647 composite?
True
Is 7079 prime?
True
Is 32602 composite?
True
Is 149 a prime number?
True
Is 31439 prime?
False
Is 25409 a composite number?
False
Is 54287 a prime number?
True
Is 982741 a composite number?
False
Is 9041 prime?
True
Is 887 a prime number?
True
Is 133051 a prime number?
True
Is 7601 a composite number?
True
Is 6619 a prime number?
True
Is 21509 a prime number?
False
Is 4133017 prime?
False
Is 3227 prime?
False
Is 239521 a prime number?
True
Is 12373 a composite number?
False
Is 1401119 a composite number?
False
Is 471 composite?
True
Is 331105 a prime number?
False
Is 6173 prime?
True
Is 2206967 a prime number?
False
Is 265435 composite?
True
Is 51217 a composite number?
False
Is 889931 a prime number?
False
Is 1711 a composite number?
True
Is 95857 a prime number?
True
Is 12647 prime?
True
Is 2119 prime?
False
Is 597497 a prime number?
True
Is 540473 prime?
False
Is 227719 a prime number?
True
Is 14281 a prime number?
True
Is 859 composite?
False
Is 3979 a composite number?
True
Is 230543 prime?
False
Is 847193 a composite number?
False
Is 213415 composite?
True
Is 168787 a prime number?
False
Is 385351 a composite number?
False
Is 15019 composite?
True
Is 677 composite?
False
Is 37543 composite?
True
Is 3377 composite?
True
Is 31511 prime?
True
Is 62459 a prime number?
True
Is 14185 a composite number?
True
Is 33949 composite?
True
Is 10037 a prime number?
True
Is 18517 composite?
False
Is 6455 a composite number?
True
Is 613 composite?
False
Is 30235 a composite number?
True
Is 981547 prime?
False
Is 40343 composite?
False
Is 163015 prime?
False
Is 220193 composite?
True
Is 1385317 prime?
False
Is 1318241 prime?
True
Is 33686 a composite number?
True
Is 90539 a composite number?
True
Is 3790289 a composite number?
False
Is 40286 a composite number?
True
Is 1494653 prime?
False
Is 32903 a composite number?
True
Is 847697 a composite number?
False
Is 294753 a composite number?
True
Is 527237 prime?
True
Is 26083 prime?
True
Is 118127 a composite number?
False
Is 7311 prime?
False
Is 14621 a composite number?
False
Is 6947 prime?
True
Is 1047841 a composite number?
False
Is 157823 a composite number?
False
Is 352813 composite?
False
Is 7121 prime?
True
Is 80471 prime?
True
Is 2333446 prime?
False
Is 5449 composite?
False
Is 21309 composite?
True
Is 64709 composite?
False
Is 639755 prime?
False
Is 4989 a prime number?
False
Is 22013 a prime number?
True
Is 224693 a composite number?
True
Is 181045 composite?
True
Is 6387 composite?
True
Is 46217 composite?
True
Is 138379 composite?
True
Is 67289 prime?
True
Is 62533 a composite number?
False
Is 48299 composite?
False
Is 6697 a prime number?
False
Is 3304133 a prime number?
False
Is 834761 a composite number?
False
Is 1987111 composite?
True
Is 7493 a composite number?
True
Is 78305 prime?
False
Is 7909 a prime number?
False
Is 47233 a composite number?
True
Is 419493 composite?
True
Is 103729 composite?
True
Is 36133 a composite number?
True
Is 135829 composite?
False
Is 2179 a prime number?
True
Is 4133 a composite number?
False
Is 27361 a prime number?
True
Is 506335 composite?
True
Is 2053 a prime number?
True
Is 55509 a composite number?
True
Is 515819 a composite number?
True
Is 10211 a composite number?
False
Is 794327 composite?
False
Is 68033 a composite number?
True
Is 39147 a prime number?
False
Is 5963 a composite number?
True
Is 35879 a prime number?
True
Is 9199 a prime number?
True
Is 21309 a prime number?
False
Is 10487 composite?
False
Is 38543 prime?
True
Is 230003 a prime number?
True
Is 32467 a composite number?
False
Is 1639 a prime number?
False
Is 185273 a composite number?
True
Is 24067 a prime number?
False
Is 9469 a composite number?
True
Is 4253 composite?
False
Is 1481 a composite number?
False
Is 17821 composite?
True
Is 140053 a prime number?
True
Is 3989 composite?
False
Is 22267 prime?
False
Is 70159 composite?
True
Is 3427 composite?
True
Is 37337 prime?
True
Is 66239 a prime number?
True
Is 11597 composite?
False
Is 61459 a composite number?
True
Is 4621 a prime number?
True
Is 1542531 a prime number?
False
Is 262129 composite?
True
Is 379051 a composite number?
True
Is 22285 a composite number?
True
Is 237989 prime?
False
Is 26503 composite?
True
Is 982217 prime?
True
Is 18251 a prime number?
True
Is 169339 a prime number?
True
Is 154369 prime?
True
Is 1265579 a prime number?
False
Is 2481909 composite?
True
Is 496313 a prime number?
True
Is 110221 a composite number?
False
Is 365369 composite?
False
Is 55087 prime?
False
Is 502 a prime number?
False
Is 27887 composite?
True
Is 4239331 prime?
True
Is 16103 prime?
True
Is 257 a composite number?
False
Is 75155 a prime number?
False
Is 36997 a prime number?
True
Is 496123 composite?
False
Is 3787 composite?
True
Is 1087 a composite number?
False
Is 189793 composite?
True
Is 17729 prime?
True
Is 58274 composite?
True
Is 29483 prime?
True
Is 965 a prime number?
False
Is 17662 a prime number?
False
Is 85123 a prime number?
False
Is 19939 a prime number?
False
Is 115279 a composite number?
False
Is 19123 composite?
True
Is 10717 a composite number?
True
Is 290281 a prime number?
False
Is 391 a composite number?
True
Is 281117 a composite number?
False
Is 1148617 a composite number?
True
Is 18839 a composite number?
False
Is 13649 composite?
False
Is 8597 composite?
False
Is 594103 a prime number?
True
Is 46803 a composite number?
True
Is 23759 prime?
False
Is 26627 prime?
True
Is 201281 a composite number?
False
Is 3810979 composite?
False
Is 45802 prime?
False
Is 279001 composite?
False
Is 24041 prime?
False
Is 114707 composite?
True
Is 3961 a composite number?
True
Is 164147 composite?
False
Is 64301 a prime number?
True
Is 1778901 a composite number?
True
Is 5191 prime?
False
Is 614077 a composite number?
True
Is 675617 a prime number?
True
Is 572399 a composite number?
False
Is 53677 composite?
True
Is 1037041 a prime number?
True
Is 218067 a prime number?
False
Is 346 a composite number?
True
Is 409387 prime?
False
Is 766357 composite?
False
Is 21989 a prime number?
False
Is 1329353 a prime number?
True
Is 80637 a prime number?
False
Is 10433 a composite number?
False
Is 979 prime?
False
Is 6537 a composite number?
True
Is 10211 a composite number?
False
Is 6497 a composite number?
True
Is 658573 composite?
False
Is 8621 a prime number?
False
Is 22871 a prime number?
True
Is 2762 a composite number?
True
Is 42557 prime?
True
Is 10193 a composite number?
False
Is 85801 a prime number?
False
Is 607417 composite?
False
Is 557 prime?
True
Is 128621 a prime number?
True
Is 16181 composite?
True
Is 249695 compos